{"id":1559,"date":"2025-01-03T09:28:32","date_gmt":"2025-01-03T06:28:32","guid":{"rendered":"http:\/\/demo.casethemes.net\/multio-resume\/?page_id=1559"},"modified":"2025-01-03T09:28:32","modified_gmt":"2025-01-03T06:28:32","slug":"hakkimizda","status":"publish","type":"page","link":"https:\/\/tasarimspor.com\/?page_id=1559","title":{"rendered":"Hakk\u0131m\u0131zda"},"content":{"rendered":"<div class=\"wpb-content-wrapper\"><p>[vc_row full_width=&#8221;stretch_row&#8221; css=&#8221;.vc_custom_1560248330930{padding-top: 111px !important;}&#8221; el_id=&#8221;about&#8221;][vc_column width=&#8221;1\/2&#8243; css=&#8221;.vc_custom_1556273668036{padding-top: 0px !important;}&#8221;][ct_heading text=&#8221;Tasar\u0131m Spor ve Saha Yap\u0131m Hizmetleri <cite>Hakk\u0131m\u0131zda;<\/cite>&#8221; font_size_sm=&#8221;24&#8243; font_size_xs=&#8221;24&#8243; font_weight=&#8221;&#8221; subtitle=&#8221;Tasar\u0131m Spor&#8221; description_font_weight=&#8221;inherit&#8221; margin_bottom=&#8221;0&#8243;][vc_column_text css=&#8221;.vc_custom_1735845400105{margin-top: 25px !important;margin-bottom: 40px !important;}&#8221; el_class=&#8221;text-block&#8221;]HO\u015eGELD\u0130N\u0130Z<br \/>\nYEN\u0130LENM\u0130\u015e Y\u00dcZ\u00dcYLE S\u0130ZLER\u0130 SELAMLAMAKTAN MUTLULUK DUYUYORUZ. Tenis Kortu, Voleybol, Basketbol Sahalar\u0131 ile ilgili merak etti\u011finiz her\u015feyi sitemizde bulabilece\u011finizi d\u00fc\u015f\u00fcn\u00fcyoruz. \u00dcr\u00fcnlerimizi inceleyebilir, yeni \u00fcr\u00fcnleri tasarlayabilir, referanslar\u0131m\u0131z\u0131 inceleyebilir, bizimle ileti\u015fime ge\u00e7ecek bilgilere ula\u015fabilirsiniz.<br \/>\nKULLANILAN MALZEME !<br \/>\nTARTAN ZEM\u0130N sekt\u00f6r\u00fcnde bir\u00e7ok firman\u0131n faaliyet g\u00f6sterdi\u011fi \u00fclkemizde bu konu ile \u00e7ok farkl\u0131 fiyatlarda teklif olarak sunulmaktad\u0131r. Biz G\u00d6KDUMAN SPOR olarak sekt\u00f6r\u00fcn standartlar\u0131n\u0131n olmad\u0131\u011f\u0131n\u0131n fark\u0131nday\u0131z. Kullan\u0131lan malzeme ve i\u015f\u00e7ilik vasat\u0131n \u00fczerine bir\u00e7ok zaman \u00e7\u0131kamamaktad\u0131r.<br \/>\nPEK\u0130 B\u0130Z NE YAPIYORUZ !<br \/>\nYapm\u0131\u015f oldu\u011fumuz uygulamalar\u0131m\u0131zda her\u015feyden de\u011ferli olan insan hayat\u0131n\u0131 ve emniyetini \u00f6n planda tutarak kullanm\u0131\u015f oldu\u011fumuz aksesuar ve malzemeyi bunun bilincinde olarak tercih ediyoruz.<br \/>\nSON S\u00d6Z;<br \/>\nVe siz de\u011ferli halk\u0131m\u0131zada bu konuda bilin\u00e7li kullan\u0131lan malzemenin kalite ve \u00f6l\u00e7\u00fclerini sorman\u0131z\u0131 tavsiye ediyoruz. G\u00d6KDUMAN SPOR olarak size hizmet etmekten gurur ve mutluluk duyar\u0131z.[\/vc_column_text][\/vc_column][vc_column width=&#8221;1\/2&#8243; ct_column_class=&#8221;rm-padding-lg&#8221; css=&#8221;.vc_custom_1556273894464{padding-top: 65px !important;padding-right: 30px !important;padding-left: 50px !important;}&#8221;][vc_row_inner][vc_column_inner ct_column_inner_class=&#8221;rm-padding-md&#8221; css=&#8221;.vc_custom_1556273819248{padding-top: 0px !important;}&#8221; animation_column=&#8221;fadeInRight&#8221;][vc_single_image image=&#8221;1821&#8243; img_size=&#8221;full&#8221; alignment=&#8221;center&#8221; css=&#8221;&#8221;][\/vc_column_inner][\/vc_row_inner][\/vc_column][\/vc_row]<\/p>\n<\/div>","protected":false},"excerpt":{"rendered":"<p>[vc_row full_width=&#8221;stretch_row&#8221; css=&#8221;.vc_custom_1560248330930{padding-top: 111px !important;}&#8221; el_id=&#8221;about&#8221;][vc_column width=&#8221;1\/2&#8243; css=&#8221;.vc_custom_1556273668036{padding-top: 0px !important;}&#8221;][ct_heading text=&#8221;Tasar\u0131m Spor ve Saha Yap\u0131m Hizmetleri Hakk\u0131m\u0131zda;&#8221; font_size_sm=&#8221;24&#8243; font_size_xs=&#8221;24&#8243; font_weight=&#8221;&#8221; subtitle=&#8221;Tasar\u0131m Spor&#8221; description_font_weight=&#8221;inherit&#8221; margin_bottom=&#8221;0&#8243;][vc_column_text css=&#8221;.vc_custom_1735845400105{margin-top: 25px !important;margin-bottom: 40px !important;}&#8221; el_class=&#8221;text-block&#8221;]HO\u015eGELD\u0130N\u0130Z YEN\u0130LENM\u0130\u015e Y\u00dcZ\u00dcYLE S\u0130ZLER\u0130 SELAMLAMAKTAN MUTLULUK DUYUYORUZ. Tenis Kortu, Voleybol, Basketbol Sahalar\u0131 ile ilgili merak etti\u011finiz her\u015feyi sitemizde bulabilece\u011finizi d\u00fc\u015f\u00fcn\u00fcyoruz. \u00dcr\u00fcnlerimizi inceleyebilir, yeni \u00fcr\u00fcnleri tasarlayabilir, referanslar\u0131m\u0131z\u0131&#8230;<\/p>\n","protected":false},"author":1,"featured_media":0,"parent":0,"menu_order":0,"comment_status":"closed","ping_status":"closed","template":"","meta":{"footnotes":""},"class_list":["post-1559","page","type-page","status-publish","hentry"],"_links":{"self":[{"href":"https:\/\/tasarimspor.com\/index.php?rest_route=\/wp\/v2\/pages\/1559","targetHints":{"allow":["GET"]}}],"collection":[{"href":"https:\/\/tasarimspor.com\/index.php?rest_route=\/wp\/v2\/pages"}],"about":[{"href":"https:\/\/tasarimspor.com\/index.php?rest_route=\/wp\/v2\/types\/page"}],"author":[{"embeddable":true,"href":"https:\/\/tasarimspor.com\/index.php?rest_route=\/wp\/v2\/users\/1"}],"replies":[{"embeddable":true,"href":"https:\/\/tasarimspor.com\/index.php?rest_route=%2Fwp%2Fv2%2Fcomments&post=1559"}],"version-history":[{"count":0,"href":"https:\/\/tasarimspor.com\/index.php?rest_route=\/wp\/v2\/pages\/1559\/revisions"}],"wp:attachment":[{"href":"https:\/\/tasarimspor.com\/index.php?rest_route=%2Fwp%2Fv2%2Fmedia&parent=1559"}],"curies":[{"name":"wp","href":"https:\/\/api.w.org\/{rel}","templated":true}]}}